 Give y(-3).
-1
Let k(i) = 2*i**3 + 25*i**2 + 12*i - 69. Determine k(-12).
-69
Let z(k) = 3*k**2 + 21*k + 28. Determine z(-1).
10
Let y(x) = -x**3 + 16*x**2 - 38*x + 326. Give y(15).
-19
Let f(u) = 401*u - 1584. Give f(4).
20
Let y(v) = -v**3 + 42*v**2 + 43*v + 19. Give y(43).
19
Let j(m) = 323*m + 2579. Calculate j(-8).
-5
Let t(s) = -74*s + 144. Calculate t(2).
-4
Let o(q) = 108*q + 4637. Calculate o(-43).
-7
Let y(j) = -2*j**3 + 22*j**2 - 33*j + 116. Calculate y(10).
-14
Let l(h) = h**3 + 12*h**2 - 37*h - 5. Determine l(-12).
439
Let n(r) = 1443*r + 7274. Calculate n(-5).
59
Let x(s) = s**2 - 854. Determine x(28).
-70
Let h(y) = y**2 - 162*y - 161. Determine h(-1).
2
Let w(v) = 717*v**3 + 4*v**2 - 11*v + 7. Calculate w(1).
717
Let y(u) = -18*u**2 + 2068*u + 228. Give y(115).
-2
Let a(l) = -21*l**2 + 10*l - 62. Determine a(5).
-537
Let p(g) = -63*g - 181. What is p(0)?
-181
Let k(z) = -80*z + 472. Give k(6).
-8
Let l(i) = -22*i - 224. Determine l(-8).
-48
Let b(w) = 4*w**2 + 126*w + 76. Give b(-29).
-214
Let l(v) = 127*v - 23134. Give l(182).
-20
Let f(o) = o**2 - 225*o - 1137. Determine f(-5).
13
Let d(z) = -2*z**3 + 13*z**2 + 38*z - 222. Give d(7).
-5
Let q(w) = -w**3 - 29*w**2 + 26*w - 124. Determine q(-30).
-4
Let k(z) = -13*z + 925. Give k(71).
2
Let m(n) = 27*n - 498. Give m(20).
42
Let d(q) = 453*q + 1072. Give d(-3).
-287
Let f(v) = -355*v - 41521. What is f(-117)?
14
Let j(q) = -138*q - 5791. What is j(-42)?
5
Let w(l) = 11*l - 33. Give w(-4).
-77
Let z(k) = k**2 + 24*k - 1354. Determine z(27).
23
Let s(m) = m**2 + 61*m + 404. What is s(-52)?
-64
Let x(u) = -375*u + 2246. Determine x(6).
-4
Let t(k) = -190*k + 2808. What is t(15)?
-42
Let k(w) = 190*w + 4943. What is k(-26)?
3
Let p(t) = t**3 + 46*t**2 + 128*t - 4. What is p(-3)?
-1
Let z(v) = 57*v + 165. Give z(-2).
51
Let u(g) = -2*g**3 + 30*g**2 + 10*g - 174. Determine u(15).
-24
Let t(f) = -4*f**3 - 171*f**2 + 42*f - 58. Calculate t(-43).
-15
Let m(d) = -d**2 - 24*d + 282. Determine m(9).
-15
Let j(v) = -v**3 - 101*v**2 - 81*v + 1881. Calculate j(-100).
-19
Let u(g) = -g**3 - 59*g**2 + 69*g + 217. Give u(-60).
-323
Let v(k) = -35*k**3 - 2*k - 1. What is v(-1)?
36
Let a(w) = 112*w - 3512. Determine a(31).
-40
Let p(i) = i**3 - 26*i**2 + 37*i + 763. Calculate p(23).
27
Let j(i) = i**3 + 26*i**2 - 87*i - 22. Calculate j(-29).
-22
Let w(r) = 3*r**3 - 418*r**2 + 136*r + 411. Determine w(139).
-6
Let h(j) = -j**3 - 42*j**2 + 40*j - 119. What is h(-43)?
10
Let t(i) = i**3 + 28*i**2 + i + 76. Calculate t(-28).
48
Let z(p) = p**3 + 10*p**2 + 10. Give z(-9).
91
Let l(j) = -j**3 + 2*j**2 + 2*j - 87. What is l(0)?
-87
Let s(k) = 3*k**3 - 2*k**2 - 91*k - 285. Determine s(-3).
-111
Let m(w) = 2*w**3 - 11*w**2 - 117*w + 487. Calculate m(4).
-29
Let v(a) = -a**2 - 30*a - 155. What is v(-23)?
6
Let s(l) = -17*l**2 - 294*l + 51. Calculate s(-17).
136
Let k(c) = 20*c + 43. Calculate k(-4).
-37
Let y(a) = 100853*a + 100859. What is y(-1)?
6
Let c(i) = 3*i**3 + 95*i**2 + 378*i + 1. Determine c(-27).
1
Let o(v) = -41756*v - 41762. Determine o(-1).
-6
Let i(j) = j**3 + 13*j**2 - 14*j - 29. Determine i(-13).
153
Let v(s) = s**2 - 122*s + 1605. Determine v(107).
0
Let b(m) = 65*m**3 + 8*m**2 + 10*m + 2. Give b(-1).
-65
Let t(w) = -254*w**3 + 3*w**2 - 3*w + 2. Calculate t(1).
-252
Let p(u) = -u**3 - 33*u**2 - 39*u - 44. What is p(-32)?
180
Let o(t) = -3409*t - 54554. Give o(-16).
-10
Let f(q) = -q**3 + 19*q**2 - 6*q + 95. What is f(19)?
-19
Let x(z) = -z**3 + 77*z**2 - 155*z + 226. Calculate x(75).
-149
Let d(s) = -2*s**3 + 21*s**2 + 45*s - 107. Give d(12).
1
Let l(j) = -18*j + 622. Calculate l(35).
-8
Let u(r) = -r**2 - 167*r - 3353. What is u(-23)?
-41
Let r(b) = 15*b**2 + 251*b + 495. Calculate r(-2).
53
Let r(y) = -65*y - 2258. Determine r(-35).
17
Let m(c) = -2*c**3 + 119*c**2 + 177*c + 383. What is m(61)?
17
Let n(a) = -826*a + 2456. Calculate n(3).
-22
Let d(m) = 2*m**3 + 13*m**2 + 26*m + 15. Determine d(-8).
-385
Let u(o) = -2*o**2 + 4*o + 43. Calculate u(5).
13
Let d(c) = -6*c**2 - 62*c + 312. Calculate d(6).
-276
Let c(d) = d**2 - 34*d - 98. Give c(36).
-26
Let u(w) = w**2 + 349*w + 8641. Give u(-27).
-53
Let a(s) = s**2 - 38*s + 492. Give a(41).
615
Let c(u) = -84*u - 2555. What is c(-31)?
49
Let f(x) = -x**3 + 93*x**2 - 246*x + 127. Calculate f(2).
-1
Let o(v) = 14*v + 66. What is o(-9)?
-60
Let b(r) = 776*r - 14745. Give b(19).
-1
Let w(a) = a**2 + 20*a + 66. Determine w(-5).
-9
Let j(x) = 5*x**2 + 19*x + 143. Calculate j(9).
719
Let k(f) = -8226*f + 98703. What is k(12)?
-9
Let j(g) = g**3 - g**2 + 2*g + 1. What is j(-2)?
-15
Let m(z) = z**3 - 13*z**2 - 41*z - 24. Calculate m(16).
88
Let d(r) = -8*r + 364. Calculate d(-7).
420
Let w(m) = 79*m + 341. What is w(-4)?
25
Let f(h) = -h**3 + 8*h**2 + 31*h - 164. Calculate f(10).
-54
Let j(a) = -3*a**3 - 20*a**2 - 12*a - 25. Calculate j(-6).
-25
Let b(x) = 4*x**3 + 93*x**2 + 72*x + 1124. What is b(-23)?
-3
Let f(p) = 4*p**2 + 28*p + 16. What is f(-7)?
16
Let a(l) = 57838*l - 404867. Determine a(7).
-1
Let k(g) = -3*g**2 - 56*g + 266. Calculate k(12).
-838
Let r(h) = -h**2 + 47*h - 214. Calculate r(36).
182
Let g(w) = 18*w**2 + 837*w - 10776. What is g(-57)?
-3
Let d(u) = 5*u**2 - 6*u - 35. Determine d(-8).
333
Let a(c) = 5*c**3 - 69*c**2 - 494*c + 3. Give a(19).
3
Let h(z) = -161*z + 16. Give h(-1).
177
Let g(i) = 93*i + 1348. Calculate g(-5).
883
Let q(u) = -33*u**3 + 236*u**2 - 42*u + 2. What is q(7)?
-47
Let b(n) = -2*n + 121. Determine b(-4).
129
Let m(d) = 2*d**3 - 23*d**2 + 68*d - 26. Calculate m(3).
25
Let z(s) = -218*s - 1088. Calculate z(-5).
2
Let x(m) = m**3 - 6*m**2 - 151*m - 194. Give x(-9).
-50
Let s(q) = q**3 - 10*q**2 - 49*q - 5. What is s(13)?
-135
Let v(c) = -11*c - 281. Give v(-26).
5
Let q(b) = 3*b**2 - 2*b + 21. Determine q(0).
21
Let i(u) = -16*u - 159. What is i(-27)?
273
Let f(x) = 6*x**2 + 167*x - 5. Calculate f(-28).
23
Let v(b) = 5*b - 107. Give v(23).
8
Let j(m) = 14*m - 640. What is j(49)?
46
Let g(y) = y**3 + 20*y**2 - 23*y + 114. Give g(-21).
156
Let a(j) = 2*j**3 - 11*j**2 - 223*j - 56. Determine a(14).
154
Let m(b) = -31*b**2 - 79*b - 42. Calculate m(-2).
-8
Let w(f) = 10*f - 684. Calculate w(71).
26
Let p(c) = -c**2 + 7*c + 5. Give p(9).
-13
Let k(r) = r**3 - 9*r**2 - 2*r - 3. What is k(9)?
-21
Let q(i) = -i**2 - 31*i - 182. Determine q(-19).
46
Let d(z) = -31*z - 4180. Determine d(-135).
5
Let i(d) = 4*d**3 + 21*d**2 - 4*d - 6. Calculate i(-6).
-90
Let a(z) = z**3 - 10*z**2 - 23*z - 36. Determine a(12).
-24
Let a(z) = 14*z - 156. What is a(15)?
54
Let l(a) = -2*a**2 + 536*a - 2114. Determine l(4).
-2
Let g(m) = m**2 + 15*m + 65. Give g(-11).
21
Let o(x) = x**3 + x**2 - 58*x - 15. Give o(6).
-111
Let a(r) = -13*r - 39. What is a(-14)?
143
Let v(o) = -5*o + 30. Determine v(-12).
90
Let s(g) = -g**2 - 47*g - 23. Determine s(-4).
149
Let c(u) = -20*u**2 + 104*u + 8. What is c(5)?
28
Let l(d) = -47*d + 54. Give l(2).
-40
Let t(i) = i**3 - 76*i**2 + 161*i - 11. What is t(74)?
951
Let p(x) = x**2 + 157*x + 4902. Calculate p(-43).
0
Let c(n) = -n**2 + 19*n + 21. What is c(13)?
99
Let g(v) = -v**3 + 2*v**2 + 53*v + 93. What is g(-5)?
3
Let m(f) = -24*f**2 - 24*f + 2. Determine m(-2).
-46
Let x(w) = -3*w + 52. What is x(3)?
43
Let v(l) = -l**3 + 23*l**2 - 101*l - 17. Calculate v(17).
0
Let k(h) = -20*h + 1129. Calculate k(54).
49
Let t(z) = z**3 - 4*z**2 - 5*z - 5. What is t(-2)?
-19
Let z(b) = -7*b**2 - 421*b - 80. What is z(-60)?
-20
Let m(k) = -3*k - 97. Calculate m(-25).
-22
Let b(c) = c**3 + 9*c**2 + 34*c + 16. Determine b(-5).
-54
Let c(t) = -18*t + 291. What is c(51)?
-627
Let p(a) = a**3 - 7*a**2 - a + 21. Determine p(7).
14
Let p(u) = -2331*u + 27985. Give p(12).
13
Let v(h) = -2*h**3 - 13*h**2 - 2*h + 19. What is v(-6)?
-5
Let q(w) = w**3 + 48*w**2 + 52*w + 214. Calculate q(-47).
-21
Let h(y) = -16*y + 9. Give h(9).
-135
Let f(a) = a**2 - 10*a + 17. Determine f(6).
-7
Let r(w) = 139*w**2 + 278*w. Determine r(-2).
0
Let m(i) = 5*i**2 + 16*i + 15. What is m(-3)?
12
Let v(k) = -k**3 - 13*k**2 - 25*k - 23. Calculate v(-9).
-122
Let k(o) = 14*o + 38. Determine k(-9).
-88
Let f(j) = 31*j + 1409. Calculate f(-45).
14
Let l(g) = 2*g**2 + 167*g + 170. Give l(-1).
5
Let y(s) = 11*s - 4. Determine y(20).
216
Let h(f) =